{"id":19,"date":"2022-09-08T02:49:08","date_gmt":"2022-09-08T02:49:08","guid":{"rendered":"https:\/\/ehrich.com.br\/site\/?page_id=19"},"modified":"2022-11-14T09:26:01","modified_gmt":"2022-11-14T09:26:01","slug":"blog","status":"publish","type":"page","link":"https:\/\/ehrich.com.br\/site\/blog\/","title":{"rendered":"Blog"},"content":{"rendered":"<section class=\"l-section wpb_row height_medium\"><div class=\"l-section-h i-cf\"><div class=\"g-cols vc_row via_grid cols_1 laptops-cols_inherit tablets-cols_inherit mobiles-cols_1 valign_top type_default stacking_default\"><div class=\"wpb_column vc_column_container\"><div class=\"vc_column-inner\"><div class=\"w-grid type_grid layout_117 cols_3 overflow_hidden\" id=\"us_grid_1\" data-filterable=\"true\"><style>#us_grid_1 .w-grid-item{padding:1.5rem}#us_grid_1 .w-grid-list{margin:-1.5rem}.w-grid + #us_grid_1 .w-grid-list,.w-grid-none + #us_grid_1 .w-grid-list{margin-top:1.5rem}@media (max-width:899px){#us_grid_1 .w-grid-item{width:50%}}@media (max-width:599px){#us_grid_1 .w-grid-list{margin:0}#us_grid_1 .w-grid-item{width:100%;padding:0;margin-bottom:1.5rem}}.layout_117 .w-grid-item-h{background:var(--color-content-bg);color:var(--color-content-text);border-radius:0.3rem;box-shadow:0 0.03rem 0.06rem rgba(0,0,0,0.1),0 0.1rem 0.3rem rgba(0,0,0,0.1);transition-duration:0.3s}.no-touch .layout_117 .w-grid-item-h:hover{box-shadow:0 0.1rem 0.2rem rgba(0,0,0,0.1),0 0.33rem 1rem rgba(0,0,0,0.15);z-index:4}.layout_117 .usg_post_title_1{font-size:1.4rem!important;font-weight:700!important}.layout_117 .usg_vwrapper_1{padding:9% 11% 11% 11%!important}.layout_117 .usg_hwrapper_1{color:var(--color-content-faded)!important;font-size:0.9rem!important}@media (max-width:600px){.layout_117 .usg_post_title_1{font-size:1.2rem!important}}<\/style><div class=\"w-grid-list\">\t<article class=\"w-grid-item size_1x1 post-110 post type-post status-publish format-standard has-post-thumbnail hentry category-blog\" data-id=\"110\">\r\n\t\t<div class=\"w-grid-item-h\">\r\n\t\t\t\t\t\t\t<a class=\"w-grid-item-anchor\" href=\"https:\/\/ehrich.com.br\/site\/2022\/09\/29\/benzeno-os-cuidados-com-este-risco-em-seu-posto-de-combustivel\/\" rel=\"bookmark\" aria-label=\"Benzeno: os cuidados com este risco em seu posto de combust\u00edvel\"><\/a>\r\n\t\t\t\t\t\t<div class=\"w-post-elm post_image usg_post_image_1 stretched\"><a href=\"https:\/\/ehrich.com.br\/site\/2022\/09\/29\/benzeno-os-cuidados-com-este-risco-em-seu-posto-de-combustivel\/\" aria-label=\"Benzeno: os cuidados com este risco em seu posto de combust\u00edvel\"><img loading=\"lazy\" decoding=\"async\" width=\"800\" height=\"600\" src=\"https:\/\/ehrich.com.br\/site\/wp-content\/uploads\/2022\/09\/blogbenzeno.jpg\" class=\"attachment-large size-large wp-post-image\" alt=\"\" srcset=\"https:\/\/ehrich.com.br\/site\/wp-content\/uploads\/2022\/09\/blogbenzeno.jpg 800w, https:\/\/ehrich.com.br\/site\/wp-content\/uploads\/2022\/09\/blogbenzeno-300x225.jpg 300w\" sizes=\"auto, (max-width: 800px) 100vw, 800px\" \/><\/a><\/div><div class=\"w-vwrapper usg_vwrapper_1 align_none valign_top\"><h2 class=\"w-post-elm post_title usg_post_title_1 entry-title color_link_inherit\"><a href=\"https:\/\/ehrich.com.br\/site\/2022\/09\/29\/benzeno-os-cuidados-com-este-risco-em-seu-posto-de-combustivel\/\">Benzeno: os cuidados com este risco em seu posto de combust\u00edvel<\/a><\/h2><div class=\"w-hwrapper usg_hwrapper_1 align_none valign_top wrap\"><\/div><div class=\"w-post-elm post_content usg_post_content_1\">O Benzeno est\u00e1 presente na gasolina que vendemos. Mas voc\u00ea sabe \u00e9 que \u00e9 o benzeno e os os cuidados&hellip;<\/div><\/div>\t\t<\/div>\r\n\t<\/article>\r\n\t<article class=\"w-grid-item size_1x1 post-106 post type-post status-publish format-standard has-post-thumbnail hentry category-blog\" data-id=\"106\">\r\n\t\t<div class=\"w-grid-item-h\">\r\n\t\t\t\t\t\t\t<a class=\"w-grid-item-anchor\" href=\"https:\/\/ehrich.com.br\/site\/2022\/09\/29\/gerente-de-posto-quais-as-funcoes\/\" rel=\"bookmark\" aria-label=\"Gerente de Posto: Quais as fun\u00e7\u00f5es?\"><\/a>\r\n\t\t\t\t\t\t<div class=\"w-post-elm post_image usg_post_image_1 stretched\"><a href=\"https:\/\/ehrich.com.br\/site\/2022\/09\/29\/gerente-de-posto-quais-as-funcoes\/\" aria-label=\"Gerente de Posto: Quais as fun\u00e7\u00f5es?\"><img loading=\"lazy\" decoding=\"async\" width=\"800\" height=\"600\" src=\"https:\/\/ehrich.com.br\/site\/wp-content\/uploads\/2022\/09\/bloggerente.jpg\" class=\"attachment-large size-large wp-post-image\" alt=\"\" srcset=\"https:\/\/ehrich.com.br\/site\/wp-content\/uploads\/2022\/09\/bloggerente.jpg 800w, https:\/\/ehrich.com.br\/site\/wp-content\/uploads\/2022\/09\/bloggerente-300x225.jpg 300w\" sizes=\"auto, (max-width: 800px) 100vw, 800px\" \/><\/a><\/div><div class=\"w-vwrapper usg_vwrapper_1 align_none valign_top\"><h2 class=\"w-post-elm post_title usg_post_title_1 entry-title color_link_inherit\"><a href=\"https:\/\/ehrich.com.br\/site\/2022\/09\/29\/gerente-de-posto-quais-as-funcoes\/\">Gerente de Posto: Quais as fun\u00e7\u00f5es?<\/a><\/h2><div class=\"w-hwrapper usg_hwrapper_1 align_none valign_top wrap\"><\/div><div class=\"w-post-elm post_content usg_post_content_1\">A ger\u00eancia de um posto de gasolina exige uma s\u00e9rie de habilidades e qualidades \u00fanicas. Trata-se de uma das profiss\u00f5es&hellip;<\/div><\/div>\t\t<\/div>\r\n\t<\/article>\r\n\t<article class=\"w-grid-item size_1x1 post-103 post type-post status-publish format-standard has-post-thumbnail hentry category-blog\" data-id=\"103\">\r\n\t\t<div class=\"w-grid-item-h\">\r\n\t\t\t\t\t\t\t<a class=\"w-grid-item-anchor\" href=\"https:\/\/ehrich.com.br\/site\/2022\/09\/29\/ideias-de-empresas-para-montar-junto-ao-seu-posto\/\" rel=\"bookmark\" aria-label=\"Ideias de empresas para montar junto ao seu posto\"><\/a>\r\n\t\t\t\t\t\t<div class=\"w-post-elm post_image usg_post_image_1 stretched\"><a href=\"https:\/\/ehrich.com.br\/site\/2022\/09\/29\/ideias-de-empresas-para-montar-junto-ao-seu-posto\/\" aria-label=\"Ideias de empresas para montar junto ao seu posto\"><img loading=\"lazy\" decoding=\"async\" width=\"800\" height=\"600\" src=\"https:\/\/ehrich.com.br\/site\/wp-content\/uploads\/2022\/09\/blogideias.jpg\" class=\"attachment-large size-large wp-post-image\" alt=\"\" srcset=\"https:\/\/ehrich.com.br\/site\/wp-content\/uploads\/2022\/09\/blogideias.jpg 800w, https:\/\/ehrich.com.br\/site\/wp-content\/uploads\/2022\/09\/blogideias-300x225.jpg 300w\" sizes=\"auto, (max-width: 800px) 100vw, 800px\" \/><\/a><\/div><div class=\"w-vwrapper usg_vwrapper_1 align_none valign_top\"><h2 class=\"w-post-elm post_title usg_post_title_1 entry-title color_link_inherit\"><a href=\"https:\/\/ehrich.com.br\/site\/2022\/09\/29\/ideias-de-empresas-para-montar-junto-ao-seu-posto\/\">Ideias de empresas para montar junto ao seu posto<\/a><\/h2><div class=\"w-hwrapper usg_hwrapper_1 align_none valign_top wrap\"><\/div><div class=\"w-post-elm post_content usg_post_content_1\">Tem um espa\u00e7o, mas falta ideia de empresas para montar junto ao seu posto de combust\u00edvel? Hoje esse \u00e9 o&hellip;<\/div><\/div>\t\t<\/div>\r\n\t<\/article>\r\n<\/div><div class=\"w-grid-preloader\"><div class=\"g-preloader type_1\">\r\n\t<div><\/div>\r\n<\/div>\r\n<\/div>\t<div class=\"w-grid-json hidden\" onclick='return {&quot;action&quot;:&quot;us_ajax_grid&quot;,&quot;ajax_url&quot;:&quot;https:\\\/\\\/ehrich.com.br\\\/site\\\/wp-admin\\\/admin-ajax.php&quot;,&quot;infinite_scroll&quot;:0,&quot;max_num_pages&quot;:1,&quot;pagination&quot;:&quot;none&quot;,&quot;permalink_url&quot;:&quot;https:\\\/\\\/ehrich.com.br\\\/site\\\/wp-json\\\/wp\\\/v2\\\/pages\\\/19&quot;,&quot;template_vars&quot;:{&quot;columns&quot;:&quot;3&quot;,&quot;exclude_items&quot;:&quot;none&quot;,&quot;img_size&quot;:&quot;default&quot;,&quot;ignore_items_size&quot;:false,&quot;items_layout&quot;:&quot;117&quot;,&quot;items_offset&quot;:&quot;1&quot;,&quot;load_animation&quot;:&quot;none&quot;,&quot;overriding_link&quot;:&quot;post&quot;,&quot;post_id&quot;:19,&quot;query_args&quot;:{&quot;post_type&quot;:[&quot;post&quot;],&quot;tax_query&quot;:[{&quot;taxonomy&quot;:&quot;category&quot;,&quot;field&quot;:&quot;slug&quot;,&quot;terms&quot;:[&quot;blog&quot;]}],&quot;post_status&quot;:[&quot;publish&quot;],&quot;posts_per_page&quot;:&quot;9&quot;},&quot;orderby_query_args&quot;:{&quot;orderby&quot;:{&quot;date&quot;:&quot;DESC&quot;}},&quot;type&quot;:&quot;grid&quot;,&quot;us_grid_ajax_index&quot;:1,&quot;us_grid_filter_params&quot;:null,&quot;us_grid_index&quot;:1,&quot;_us_grid_post_type&quot;:&quot;post&quot;}}'><\/div>\r\n\t<\/div><\/div><\/div><\/div><\/div><\/section>\n","protected":false},"excerpt":{"rendered":"Tem um espa\u00e7o, mas falta ideia de empresas para montar junto ao seu posto de combust\u00edvel? Hoje esse \u00e9 o nosso assunto. Apenas 18% dos postos de combust\u00edveis no Brasil apostam em empresas que funcionem integradas ao seu posto. Em outros mercados, os n\u00fameros s\u00e3o bem diferentes. Nos Estados Unidos, por exemplo, este n\u00famero chega...","protected":false},"author":1,"featured_media":0,"parent":0,"menu_order":0,"comment_status":"closed","ping_status":"closed","template":"","meta":{"footnotes":""},"class_list":["post-19","page","type-page","status-publish","hentry"],"_links":{"self":[{"href":"https:\/\/ehrich.com.br\/site\/wp-json\/wp\/v2\/pages\/19","targetHints":{"allow":["GET"]}}],"collection":[{"href":"https:\/\/ehrich.com.br\/site\/wp-json\/wp\/v2\/pages"}],"about":[{"href":"https:\/\/ehrich.com.br\/site\/wp-json\/wp\/v2\/types\/page"}],"author":[{"embeddable":true,"href":"https:\/\/ehrich.com.br\/site\/wp-json\/wp\/v2\/users\/1"}],"replies":[{"embeddable":true,"href":"https:\/\/ehrich.com.br\/site\/wp-json\/wp\/v2\/comments?post=19"}],"version-history":[{"count":4,"href":"https:\/\/ehrich.com.br\/site\/wp-json\/wp\/v2\/pages\/19\/revisions"}],"predecessor-version":[{"id":165,"href":"https:\/\/ehrich.com.br\/site\/wp-json\/wp\/v2\/pages\/19\/revisions\/165"}],"wp:attachment":[{"href":"https:\/\/ehrich.com.br\/site\/wp-json\/wp\/v2\/media?parent=19"}],"curies":[{"name":"wp","href":"https:\/\/api.w.org\/{rel}","templated":true}]}}